{"id":42,"date":"2022-02-07T17:48:01","date_gmt":"2022-02-07T17:48:01","guid":{"rendered":"https:\/\/www.phvsa.de\/?page_id=42-old"},"modified":"2026-03-31T09:28:40","modified_gmt":"2026-03-31T09:28:40","slug":"vorstand-before-import","status":"publish","type":"page","link":"https:\/\/www.phvsa.de\/?page_id=42","title":{"rendered":"Vorstand"},"content":{"rendered":"<p>Auf dem Vertretertag am 18. November 2021\u00a0wurde unser gesch\u00e4ftsf\u00fchrender Vorstand neu gew\u00e4hlt. Aktuell wird der Verband von acht Vorstandmitgliedern und zwei kooptierten Mitgliedern gef\u00fchrt.<\/p>\n<div class=\"tmm tmm_vorstand\"><div class=\"tmm_2_columns tmm_wrap tmm_plugin_f\"><span class=\"tmm_two_containers_tablet\"><\/span><div class=\"tmm_container\"><div class=\"tmm_member\" style=\"border-top:#ffee00 solid 5px;\"><div class=\"tmm_photo tmm_pic_vorstand_0 lazyload\" style=\"background:inherit; margin-left: auto; margin-right:auto; background-size:cover !important;\" data-bg=\"url(https:\/\/www.phvsa.de\/wp-content\/uploads\/2022\/05\/Thomas-Gaube-PhVSA-scaled-e1665658999440.jpg)\"><\/div><div class=\"tmm_textblock\"><div class=\"tmm_names\"><span class=\"tmm_fname\">Thomas<\/span> <span class=\"tmm_lname\">Gaube<\/span><\/div><div class=\"tmm_job\">Vorsitzender<\/div><div class=\"tmm_desc\" style=\"text-align:\"><ul><li style=\"text-align: left\">stellvertretender Landesvorsitzender des dbb Beamtenbund und Tarifunion Sachsen-Anhalt<\/li><li style=\"text-align: left\">Schulleiter am Giebichenstein-Gymnasium \u201eThomas M\u00fcntzer\u201c Halle<\/li><li style=\"text-align: left\">Fachlehrer f\u00fcr Mathematik, Physik, Informatik<\/li><\/ul><p style=\"text-align: center\"><strong><a href=\"mailto:nadine.wegener@phvsa.de\">thomas.gaube@phvsa.de<\/a><\/strong><\/p><\/div><div class=\"tmm_scblock\"><\/div><\/div><\/div><div class=\"tmm_member\" style=\"border-top:#ffee00 solid 5px;\"><div class=\"tmm_photo tmm_pic_vorstand_1 lazyload\" style=\"background:inherit; margin-left: auto; margin-right:auto; background-size:cover !important;\" data-bg=\"url(https:\/\/www.phvsa.de\/wp-content\/uploads\/2022\/05\/Ines-Gurschke-e1655059712829.png)\"><\/div><div class=\"tmm_textblock\"><div class=\"tmm_names\"><span class=\"tmm_fname\">Ines<\/span> <span class=\"tmm_lname\">Gurschke<\/span><\/div><div class=\"tmm_job\">stellvertretende Vorsitzende<\/div><div class=\"tmm_desc\" style=\"text-align:\"><ul><li style=\"text-align: left\">Vorsitzende der Fachgruppe Gymnasium im Lehrerbezirkspersonalrat Halle<\/li><li style=\"text-align: left\">Fachlehrerin f\u00fcr Mathematik und Chemie am Goethegymnasium Wei\u00dfenfels<\/li><\/ul><p style=\"text-align: center\"><strong><a href=\"mailto:ines.gurschke@phvsa.de\">ines.gurschke@phvsa.de<\/a><\/strong><\/p><\/div><div class=\"tmm_scblock\"><\/div><\/div><\/div><span class=\"tmm_two_containers_tablet\"><\/span><\/div><span class=\"tmm_columns_containers_desktop\"><\/span><div class=\"tmm_container\"><div class=\"tmm_member\" style=\"border-top:#ffee00 solid 5px;\"><div class=\"tmm_photo tmm_pic_vorstand_2 lazyload\" style=\"background:inherit; margin-left: auto; margin-right:auto; background-size:cover !important;\" data-bg=\"url(https:\/\/www.phvsa.de\/wp-content\/uploads\/2022\/05\/Herrmann-Weinert-Test-2-scaled.jpg)\"><\/div><div class=\"tmm_textblock\"><div class=\"tmm_names\"><span class=\"tmm_fname\">Hermann<\/span> <span class=\"tmm_lname\">Weinert<\/span><\/div><div class=\"tmm_job\">stellvertretender Vorsitzender<\/div><div class=\"tmm_desc\" style=\"text-align:\"><ul><li style=\"text-align: left\">stellvertretender Schulleiter am K\u00e4the-Kollwitz-Gymnasium Halberstadt (a.D.)<\/li><li style=\"text-align: left\">Fachlehrer f\u00fcr Physik und Mathematik<\/li><\/ul><p style=\"text-align: center\"><strong><a href=\"mailto:nadine.wegener@phvsa.de\">hermann.weinert@phvsa.de<\/a><\/strong><\/p><\/div><div class=\"tmm_scblock\"><\/div><\/div><\/div><div class=\"tmm_member\" style=\"border-top:#ffee00 solid 5px;\"><div class=\"tmm_photo tmm_pic_vorstand_3 lazyload\" style=\"background:inherit; margin-left: auto; margin-right:auto; background-size:cover !important;\" data-bg=\"url(https:\/\/www.phvsa.de\/wp-content\/uploads\/2022\/05\/Benny-e1666177536493.jpg)\"><\/div><div class=\"tmm_textblock\"><div class=\"tmm_names\"><span class=\"tmm_fname\">Benjamin<\/span> <span class=\"tmm_lname\">Winker<\/span><\/div><div class=\"tmm_job\">Schatzmeister<\/div><div class=\"tmm_desc\" style=\"text-align:\"><ul><li style=\"text-align: left\">Schulfachlicher Koordinator am Giebichenstein-Gymnasium \u201eThomas M\u00fcntzer\u201c Halle<\/li><li style=\"text-align: left\">Fachlehrer f\u00fcr Mathematik, Informatik<\/li><\/ul><p style=\"text-align: center\"><strong><a href=\"mailto:nadine.wegener@phvsa.de\">benjamin.winkler@phvsa.de<\/a><\/strong><\/p><\/div><div class=\"tmm_scblock\"><\/div><\/div><\/div><span class=\"tmm_two_containers_tablet\"><\/span><\/div><span class=\"tmm_columns_containers_desktop\"><\/span><div class=\"tmm_container\"><div class=\"tmm_member\" style=\"border-top:#ffee00 solid 5px;\"><div class=\"tmm_photo tmm_pic_vorstand_4 lazyload\" style=\"background:inherit; margin-left: auto; margin-right:auto; background-size:cover !important;\" data-bg=\"url(https:\/\/www.phvsa.de\/wp-content\/uploads\/2022\/05\/Nadine2-e1654102954273.jpeg)\"><\/div><div class=\"tmm_textblock\"><div class=\"tmm_names\"><span class=\"tmm_fname\">Nadine<\/span> <span class=\"tmm_lname\">Wegener<\/span><\/div><div class=\"tmm_job\">Beisitzerin<\/div><div class=\"tmm_desc\" style=\"text-align:\"><ul><li style=\"text-align: left\">Mitglied im Lehrerhauptpersonalrat beim Ministerium f\u00fcr Bildung, Fachgruppe Gymnasien<\/li><li style=\"text-align: left\">Fachlehrerin f\u00fcr Biologie und Russisch am Geschwister-Scholl-Gymnasium Gardelegen<\/li><\/ul><p style=\"text-align: center\"><strong><a href=\"mailto:nadine.wegener@phvsa.de\">nadine.wegener@phvsa.de<\/a><\/strong><\/p><\/div><div class=\"tmm_scblock\"><\/div><\/div><\/div><div class=\"tmm_member\" style=\"border-top:#ffee00 solid 5px;\"><div class=\"tmm_photo tmm_pic_vorstand_5 lazyload\" style=\"background:inherit; margin-left: auto; margin-right:auto; background-size:cover !important;\" data-bg=\"url(https:\/\/www.phvsa.de\/wp-content\/uploads\/2022\/10\/Riemer-Ranscht-Susanne-e1665658828704.jpg)\"><\/div><div class=\"tmm_textblock\"><div class=\"tmm_names\"><span class=\"tmm_fname\">Susanne<\/span> <span class=\"tmm_lname\">Riemer-Ranscht<\/span><\/div><div class=\"tmm_job\">Beisitzerin<\/div><div class=\"tmm_desc\" style=\"text-align:\"><ul><li style=\"text-align: left\">Fachlehrerin f\u00fcr Geschichte und evangelischen Religionsunterricht an der Landesschule Pforta Naumburg<\/li><\/ul><p style=\"text-align: center\"><strong><a href=\"mailto:susanne.riemer-rantscht@phvsa.de\">susanne.riemer-rantscht@phvsa.de<\/a><\/strong><\/p><\/div><div class=\"tmm_scblock\"><\/div><\/div><\/div><span class=\"tmm_two_containers_tablet\"><\/span><\/div><span class=\"tmm_columns_containers_desktop\"><\/span><div class=\"tmm_container\"><div class=\"tmm_member\" style=\"border-top:#ffee00 solid 5px;\"><div class=\"tmm_photo tmm_pic_vorstand_6 lazyload\" style=\"background:inherit; margin-left: auto; margin-right:auto; background-size:cover !important;\" data-bg=\"url(https:\/\/www.phvsa.de\/wp-content\/uploads\/2022\/05\/Steve.jpg)\"><\/div><div class=\"tmm_textblock\"><div class=\"tmm_names\"><span class=\"tmm_fname\">Steve<\/span> <span class=\"tmm_lname\">Vogler<\/span><\/div><div class=\"tmm_job\">kooptiertes Mitglied<\/div><div class=\"tmm_desc\" style=\"text-align:\"><ul><li style=\"text-align: left\">Fachlehrer f\u00fcr Geographie und Wirtschaft am K\u00e4the-Kollwitz-Gymnasium in Halberstadt<\/li><li style=\"text-align: left\">Oberstufenkoordinator<\/li><\/ul><\/div><div class=\"tmm_scblock\"><\/div><\/div><\/div><div style=\"clear:both;\"><\/div><\/div><\/div><\/div>\n","protected":false},"excerpt":{"rendered":"<p>Auf dem Vertretertag am 18. November 2021\u00a0wurde unser gesch\u00e4ftsf\u00fchrender Vorstand neu gew\u00e4hlt. Aktuell wird der Verband von acht Vorstandmitgliedern und zwei kooptierten Mitgliedern gef\u00fchrt.<\/p>\n","protected":false},"author":1,"featured_media":0,"parent":0,"menu_order":0,"comment_status":"closed","ping_status":"closed","template":"","meta":{"zakra_sidebar_layout":"customizer","zakra_remove_content_margin":false,"zakra_sidebar":"customizer","zakra_transparent_header":"customizer","zakra_logo":0,"zakra_main_header_style":"default","zakra_menu_item_color":"","zakra_menu_item_hover_color":"","zakra_menu_item_active_color":"","zakra_menu_active_style":"","zakra_page_header":true,"inline_featured_image":false,"footnotes":""},"class_list":["post-42","page","type-page","status-publish","hentry"],"aioseo_notices":[],"rttpg_featured_image_url":null,"rttpg_author":{"display_name":"admin","author_link":"https:\/\/www.phvsa.de\/?author=1"},"rttpg_comment":0,"rttpg_category":null,"rttpg_excerpt":"Auf dem Vertretertag am 18. November 2021\u00a0wurde unser gesch\u00e4ftsf\u00fchrender Vorstand neu gew\u00e4hlt. Aktuell wird der Verband von acht Vorstandmitgliedern und zwei kooptierten Mitgliedern gef\u00fchrt.","_links":{"self":[{"href":"https:\/\/www.phvsa.de\/index.php?rest_route=\/wp\/v2\/pages\/42","targetHints":{"allow":["GET"]}}],"collection":[{"href":"https:\/\/www.phvsa.de\/index.php?rest_route=\/wp\/v2\/pages"}],"about":[{"href":"https:\/\/www.phvsa.de\/index.php?rest_route=\/wp\/v2\/types\/page"}],"author":[{"embeddable":true,"href":"https:\/\/www.phvsa.de\/index.php?rest_route=\/wp\/v2\/users\/1"}],"replies":[{"embeddable":true,"href":"https:\/\/www.phvsa.de\/index.php?rest_route=%2Fwp%2Fv2%2Fcomments&post=42"}],"version-history":[{"count":37,"href":"https:\/\/www.phvsa.de\/index.php?rest_route=\/wp\/v2\/pages\/42\/revisions"}],"predecessor-version":[{"id":5164,"href":"https:\/\/www.phvsa.de\/index.php?rest_route=\/wp\/v2\/pages\/42\/revisions\/5164"}],"wp:attachment":[{"href":"https:\/\/www.phvsa.de\/index.php?rest_route=%2Fwp%2Fv2%2Fmedia&parent=42"}],"curies":[{"name":"wp","href":"https:\/\/api.w.org\/{rel}","templated":true}]}}